{"id":1,"date":"2019-09-04T14:27:50","date_gmt":"2019-09-04T14:27:50","guid":{"rendered":"https:\/\/super-sonnig.de\/verkauf\/?page_id=1"},"modified":"2025-09-30T17:14:23","modified_gmt":"2025-09-30T17:14:23","slug":"home","status":"publish","type":"page","link":"https:\/\/super-sonnig.de\/verkauf\/","title":{"rendered":"Home"},"content":{"rendered":"<div>\n<h1>Willkommen auf unserer Homepage<\/h1>\n<p>Hausverkauf im <br class=\"uk-visible@l\"> Enzkreis<\/p>\n<\/div>\n<ul>\n<li>\n<p>        <img decoding=\"async\" src=\"\/verkauf\/wp-content\/uploads\/2025\/09\/Hausansicht-1-scaled.jpg\" alt=\"\"><\/p>\n<\/li>\n<li>\n<p>        <img decoding=\"async\" src=\"\/verkauf\/wp-content\/uploads\/2025\/09\/Hauseingang-1-scaled.jpg\" alt=\"\"><\/p>\n<\/li>\n<li>\n<p>        <img decoding=\"async\" src=\"\/verkauf\/wp-content\/uploads\/2025\/09\/2hinten_blume-scaled.jpg\" alt=\"\"><\/p>\n<\/li>\n<\/ul>\n<div>\n<h3>Gebaut 1957 und 1984 erweitert&#8230;<\/h3>\n<p>Zahlreiche M\u00f6glichkeiten<\/p>\n<div>\n<p>162 qm Wohnfl\u00e4che, gro\u00dfe Nutzfl\u00e4che, Garage und Garten<\/p>\n<\/div>\n<p><a href=\"\/verkauf\/?page_id=2342\">Weiter Zur Beschreibung <\/a><\/p>\n<\/div>\n<div>\n<p>    <img decoding=\"async\" src=\"\/verkauf\/wp-content\/uploads\/2025\/09\/1_plan_klein.jpg\" alt=\"\"><\/p>\n<\/div>\n<div>\n<h3>Die Pl\u00e4ne bieten einen ersten Einblick<\/h3>\n<p>Zahlreiche M\u00f6glichkeiten<\/p>\n<p><a href=\"\/verkauf\/?page_id=2239\">Weiter zu den Pl\u00e4nen<\/a><\/p>\n<\/div>\n<div>\n<h2>R\u00e4ume zum gestalten<\/h2>\n<p>Mehr als ein Haus<\/p>\n<div>Unser Haus bietet mehr als R\u00e4ume. Hier k\u00f6nnen Ideen umgesetzt werden. Hobbys gelebt und den Kindern die Naur nahe gebracht werden.<br \/>\nIm Garten und der Terrase gibt es mehr als Sitzpl\u00e4tze.<\/div>\n<p><a href=\"\/verkauf\/?page_id=20\">Fotos der Zimmer<\/a><\/p>\n<\/div>\n<p><img decoding=\"async\" src=\"\/verkauf\/wp-content\/uploads\/2025\/09\/gallery-30-768x576.jpg\" alt=\"\"><br \/>\n<img decoding=\"async\" src=\"\/verkauf\/wp-content\/uploads\/yootheme\/home-rsvp.jpg\" alt=\"\"><\/p>\n<div>\n<h2>F\u00fcr R\u00fcckfragen schreiben Sie uns eine Mail<\/h2>\n<p><a href=\"mailto:Verkaufsinfo@super-sonnig.de\">Verkaufsinfo@super-sonnig.de<\/a><\/p>\n<\/div>\n<p><!--more--><br \/>\n<!-- {\"type\":\"layout\",\"children\":[{\"name\":\"Hero\",\"type\":\"section\",\"props\":{\"height\":\"viewport\",\"height_offset_top\":true,\"height_viewport\":80,\"image\":\"wp-content\\\/uploads\\\/2025\\\/09\\\/2hinten_blume-scaled.jpg\",\"image_loading\":true,\"image_parallax_bgy\":\"0,-50\",\"image_position\":\"top-center\",\"image_size\":\"cover\",\"image_width\":\"2560\",\"media_focal_point\":\"bottom-right\",\"overlap\":false,\"padding_remove_bottom\":false,\"padding_remove_top\":false,\"style\":\"default\",\"title_breakpoint\":\"xl\",\"title_position\":\"top-left\",\"title_rotation\":\"left\",\"vertical_align\":\"bottom\",\"width\":\"xlarge\"},\"children\":[{\"type\":\"row\",\"props\":{\"width\":\"expand\"},\"children\":[{\"type\":\"column\",\"props\":{\"image_position\":\"center-center\",\"position_sticky_breakpoint\":\"m\",\"width_medium\":\"1-1\"},\"children\":[{\"type\":\"panel\",\"props\":{\"block_align\":\"right\",\"content_column_breakpoint\":\"m\",\"icon_width\":80,\"image_align\":\"top\",\"image_grid_breakpoint\":\"m\",\"image_grid_width\":\"1-2\",\"image_svg_color\":\"emphasis\",\"link_style\":\"default\",\"link_text\":\"Read more\",\"margin\":\"default\",\"maxwidth\":\"large\",\"meta\":\"Hausverkauf im <br class=\\\"uk-visible@l\\\"> Enzkreis\",\"meta_align\":\"below-title\",\"meta_element\":\"div\",\"meta_style\":\"text-meta\",\"panel_padding\":\"default\",\"panel_style\":\"card-default\",\"title\":\"Willkommen auf unserer Homepage\",\"title_align\":\"top\",\"title_color\":\"primary\",\"title_element\":\"h1\",\"title_grid_breakpoint\":\"m\",\"title_grid_width\":\"1-2\",\"title_hover_style\":\"reset\",\"title_style\":\"heading-small\"}}]}]}]},{\"name\":\"Eckdaten\",\"type\":\"section\",\"props\":{\"image_position\":\"center-center\",\"overlap\":false,\"padding\":\"large\",\"padding_remove_bottom\":true,\"style\":\"default\",\"title_breakpoint\":\"xl\",\"title_position\":\"center-right\",\"title_rotation\":\"left\",\"vertical_align\":\"\",\"width\":\"\"},\"children\":[{\"type\":\"row\",\"props\":{\"layout\":\"1-2,1-2\",\"margin\":\"large\",\"width\":\"expand\"},\"children\":[{\"type\":\"column\",\"props\":{\"image_position\":\"center-center\",\"padding\":\"large\",\"position_sticky_breakpoint\":\"m\",\"style\":\"tile-primary\",\"width_medium\":\"1-2\"},\"children\":[{\"type\":\"slideshow\",\"props\":{\"animation\":\"parallax\",\"image_width\":\"1100\",\"link_style\":\"default\",\"link_text\":\"Read more\",\"margin\":\"default\",\"meta_align\":\"below-title\",\"meta_element\":\"div\",\"meta_style\":\"text-meta\",\"nav\":\"dotnav\",\"nav_align\":\"center\",\"nav_breakpoint\":\"\",\"nav_position\":\"bottom-left\",\"nav_position_margin\":\"small\",\"nav_vertical\":true,\"overlay_animation\":\"parallax\",\"overlay_position\":\"center-left\",\"parallax_breakpoint\":\"l\",\"parallax_easing\":\"1\",\"parallax_x\":\"250,230\",\"show_content\":true,\"show_link\":true,\"show_meta\":true,\"show_thumbnail\":true,\"show_title\":true,\"slidenav\":\"\",\"slidenav_breakpoint\":\"s\",\"slidenav_margin\":\"medium\",\"slidenav_outside_breakpoint\":\"xl\",\"slideshow_animation\":\"fade\",\"slideshow_autoplay\":true,\"slideshow_autoplay_pause\":true,\"slideshow_kenburns\":\"center-center\",\"slideshow_min_height\":300,\"slideshow_ratio\":\"1600:960\",\"thumbnav_height\":\"75\",\"thumbnav_svg_color\":\"emphasis\",\"thumbnav_width\":\"100\",\"title_element\":\"h3\",\"title_hover_style\":\"reset\"},\"children\":[{\"type\":\"slideshow_item\",\"props\":{\"image\":\"wp-content\\\/uploads\\\/2025\\\/09\\\/Hausansicht-1-scaled.jpg\"}},{\"type\":\"slideshow_item\",\"props\":{\"image\":\"wp-content\\\/uploads\\\/2025\\\/09\\\/Hauseingang-1-scaled.jpg\"}},{\"type\":\"slideshow_item\",\"props\":{\"image\":\"wp-content\\\/uploads\\\/2025\\\/09\\\/2hinten_blume-scaled.jpg\",\"title\":\"\"}}]}]},{\"type\":\"column\",\"props\":{\"image\":\"wp-content\\\/uploads\\\/yootheme\\\/home-about-us-bg.svg\",\"image_position\":\"top-center\",\"media_visibility\":\"l\",\"position_sticky_breakpoint\":\"m\",\"width_medium\":\"1-2\"},\"children\":[{\"type\":\"panel\",\"props\":{\"animation\":\"parallax\",\"block_align\":\"center\",\"content\":\"\n\n<p>162 qm Wohnfl\\u00e4che, gro\\u00dfe Nutzfl\\u00e4che, Garage und Garten<\\\/p>\",\"content_column_breakpoint\":\"m\",\"icon_width\":80,\"image_align\":\"top\",\"image_grid_breakpoint\":\"m\",\"image_grid_width\":\"1-2\",\"image_svg_color\":\"emphasis\",\"link\":\"?page_id=2342\",\"link_style\":\"primary\",\"link_target\":false,\"link_text\":\"Weiter Zur Beschreibung \",\"margin\":\"default\",\"margin_remove_top\":false,\"maxwidth\":\"large\",\"meta\":\"Zahlreiche M\\u00f6glichkeiten\",\"meta_align\":\"above-title\",\"meta_element\":\"h2\",\"meta_style\":\"text-meta\",\"parallax_breakpoint\":\"l\",\"parallax_easing\":\"0.7\",\"parallax_end\":\"30vh + 30%\",\"parallax_y\":\"300,220\",\"title\":\"Gebaut 1957 und 1984 erweitert...\",\"title_align\":\"top\",\"title_color\":\"primary\",\"title_element\":\"h3\",\"title_grid_breakpoint\":\"m\",\"title_grid_width\":\"1-2\",\"title_hover_style\":\"reset\",\"title_style\":\"heading-small\"}}]}]}]},{\"name\":\"ladida\",\"type\":\"section\",\"props\":{\"image\":\"wp-content\\\/uploads\\\/yootheme\\\/home-schedule-bg.svg\",\"image_position\":\"top-center\",\"media_visibility\":\"m\",\"padding\":\"large\",\"style\":\"default\",\"title_breakpoint\":\"xl\",\"title_position\":\"center-right\",\"title_rotation\":\"left\",\"vertical_align\":\"\",\"width\":\"\"},\"children\":[{\"type\":\"row\",\"props\":{\"layout\":\"1-2,1-2\",\"width\":\"expand\"},\"children\":[{\"type\":\"column\",\"props\":{\"image_position\":\"center-center\",\"position_sticky_breakpoint\":\"m\",\"style\":\"tile-primary\",\"vertical_align\":\"middle\",\"width_medium\":\"1-2\"},\"children\":[{\"type\":\"slideshow\",\"props\":{\"animation\":\"parallax\",\"image_width\":\"1100\",\"link_style\":\"default\",\"link_text\":\"Read more\",\"margin\":\"default\",\"meta_align\":\"below-title\",\"meta_element\":\"div\",\"meta_style\":\"text-meta\",\"nav\":\"dotnav\",\"nav_align\":\"center\",\"nav_breakpoint\":\"\",\"nav_position\":\"bottom-left\",\"nav_position_margin\":\"small\",\"nav_vertical\":true,\"overlay_animation\":\"parallax\",\"overlay_position\":\"center-left\",\"parallax_breakpoint\":\"l\",\"parallax_easing\":\"1\",\"parallax_x\":\"250,230\",\"show_content\":true,\"show_link\":true,\"show_meta\":true,\"show_thumbnail\":true,\"show_title\":true,\"slidenav\":\"\",\"slidenav_breakpoint\":\"s\",\"slidenav_margin\":\"medium\",\"slidenav_outside_breakpoint\":\"xl\",\"slideshow_animation\":\"push\",\"slideshow_autoplay_pause\":true,\"slideshow_min_height\":300,\"slideshow_ratio\":\"1600:960\",\"thumbnav_height\":\"75\",\"thumbnav_svg_color\":\"emphasis\",\"thumbnav_width\":\"100\",\"title_element\":\"h3\",\"title_hover_style\":\"reset\"},\"children\":[{\"type\":\"slideshow_item\",\"props\":{\"image\":\"wp-content\\\/uploads\\\/2025\\\/09\\\/1_plan_klein.jpg\"}}]}]},{\"type\":\"column\",\"props\":{\"image_position\":\"center-center\",\"position_sticky_breakpoint\":\"m\",\"vertical_align\":\"middle\",\"width_medium\":\"1-2\"},\"children\":[{\"type\":\"panel\",\"props\":{\"animation\":\"parallax\",\"block_align\":\"center\",\"content\":\"\",\"content_column_breakpoint\":\"m\",\"icon_width\":80,\"image_align\":\"top\",\"image_grid_breakpoint\":\"m\",\"image_grid_width\":\"1-2\",\"image_svg_color\":\"emphasis\",\"link\":\"?page_id=2239\",\"link_style\":\"primary\",\"link_target\":false,\"link_text\":\"Weiter zu den Pl\\u00e4nen\",\"margin\":\"default\",\"margin_remove_top\":false,\"maxwidth\":\"large\",\"meta\":\"Zahlreiche M\\u00f6glichkeiten\",\"meta_align\":\"above-title\",\"meta_element\":\"h2\",\"meta_style\":\"text-meta\",\"parallax_breakpoint\":\"l\",\"parallax_easing\":\"0.7\",\"parallax_end\":\"30vh + 30%\",\"parallax_y\":\"300,220\",\"title\":\"Die Pl\\u00e4ne bieten einen ersten Einblick\",\"title_align\":\"top\",\"title_color\":\"primary\",\"title_element\":\"h3\",\"title_grid_breakpoint\":\"m\",\"title_grid_width\":\"1-2\",\"title_hover_style\":\"reset\",\"title_style\":\"heading-small\"}}]}]},{\"type\":\"row\",\"props\":{\"column_gap\":\"large\",\"layout\":\"1-2,1-2\",\"margin\":\"large\",\"row_gap\":\"large\",\"width\":\"expand\"},\"children\":[{\"type\":\"column\",\"props\":{\"image_position\":\"center-center\",\"position_sticky_breakpoint\":\"m\",\"vertical_align\":\"middle\",\"width_medium\":\"1-2\"},\"children\":[{\"type\":\"panel\",\"props\":{\"block_align\":\"center\",\"content\":\"Unser Haus bietet mehr als R\\u00e4ume. Hier k\\u00f6nnen Ideen umgesetzt werden. Hobbys gelebt und den Kindern die Naur nahe gebracht werden.\\nIm Garten und der Terrase gibt es mehr als Sitzpl\\u00e4tze.\",\"content_column_breakpoint\":\"m\",\"icon_width\":80,\"image_align\":\"top\",\"image_grid_breakpoint\":\"m\",\"image_grid_width\":\"1-2\",\"image_svg_color\":\"emphasis\",\"link\":\"?page_id=20\",\"link_style\":\"default\",\"link_text\":\"Fotos der Zimmer\",\"margin\":\"default\",\"maxwidth\":\"large\",\"meta\":\"Mehr als ein Haus\",\"meta_align\":\"above-title\",\"meta_element\":\"div\",\"meta_style\":\"text-meta\",\"title\":\"R\\u00e4ume zum gestalten\",\"title_align\":\"top\",\"title_color\":\"primary\",\"title_element\":\"h2\",\"title_grid_breakpoint\":\"m\",\"title_grid_width\":\"1-2\",\"title_hover_style\":\"reset\",\"title_style\":\"h1\"}}]},{\"type\":\"column\",\"props\":{\"image_position\":\"center-center\",\"order_first\":\"m\",\"padding\":\"large\",\"position_sticky_breakpoint\":\"m\",\"style\":\"tile-muted\",\"vertical_align\":\"middle\",\"width_medium\":\"1-2\"},\"children\":[{\"type\":\"image\",\"props\":{\"animation\":\"parallax\",\"block_align\":\"center\",\"image\":\"wp-content\\\/uploads\\\/2025\\\/09\\\/gallery-30-768x576.jpg\",\"image_svg_color\":\"emphasis\",\"image_width\":400,\"margin\":\"default\",\"maxwidth\":\"2xlarge\",\"maxwidth_breakpoint\":\"m\",\"parallax_breakpoint\":\"l\",\"parallax_easing\":\"1\",\"parallax_x\":\"160,90\"}}]}]},{\"type\":\"row\",\"props\":{\"layout\":\"1-2,1-2\",\"width\":\"expand\"},\"children\":[{\"type\":\"column\",\"props\":{\"image_position\":\"center-center\",\"position_sticky_breakpoint\":\"m\",\"vertical_align\":\"middle\",\"width_medium\":\"1-2\"}},{\"type\":\"column\",\"props\":{\"image_position\":\"center-center\",\"position_sticky_breakpoint\":\"m\",\"vertical_align\":\"middle\",\"width_medium\":\"1-2\"}}]}]},{\"name\":\"Call to action\",\"type\":\"section\",\"props\":{\"image_position\":\"center-center\",\"overlap\":false,\"padding\":\"small\",\"padding_remove_bottom\":false,\"padding_remove_top\":false,\"style\":\"muted\",\"title_breakpoint\":\"xl\",\"title_position\":\"center-left\",\"title_rotation\":\"left\",\"vertical_align\":\"\",\"width\":\"expand\"},\"children\":[{\"type\":\"row\",\"props\":{\"layout\":\"1-2,1-2\",\"width\":\"expand\"},\"children\":[{\"type\":\"column\",\"props\":{\"image_position\":\"center-center\",\"position_sticky_breakpoint\":\"m\",\"vertical_align\":\"middle\",\"width_medium\":\"1-2\"},\"children\":[{\"type\":\"image\",\"props\":{\"animation\":\"parallax\",\"block_align\":\"center\",\"image\":\"wp-content\\\/uploads\\\/yootheme\\\/home-rsvp.jpg\",\"image_svg_color\":\"emphasis\",\"image_width\":\"1030\",\"margin\":\"default\",\"margin_remove_top\":false,\"parallax_breakpoint\":\"l\",\"parallax_easing\":\"1\",\"parallax_end\":\"30vh + 30%\",\"parallax_y\":\"-100,-50\"}}]},{\"type\":\"column\",\"props\":{\"image_position\":\"top-right\",\"padding\":\"large\",\"position_sticky_breakpoint\":\"m\",\"vertical_align\":\"middle\",\"width_medium\":\"1-2\"},\"children\":[{\"type\":\"panel\",\"props\":{\"block_align\":\"center\",\"content\":\"\",\"content_column_breakpoint\":\"m\",\"icon_width\":80,\"image_align\":\"top\",\"image_grid_breakpoint\":\"m\",\"image_grid_width\":\"1-2\",\"image_svg_color\":\"emphasis\",\"link\":\"mailto:Verkaufsinfo@super-sonnig.de\",\"link_style\":\"default\",\"link_target\":false,\"link_text\":\"Verkaufsinfo@super-sonnig.de\",\"margin\":\"default\",\"maxwidth\":\"xlarge\",\"meta\":\"\",\"meta_align\":\"above-title\",\"meta_element\":\"div\",\"meta_style\":\"text-meta\",\"parallax_y\":\"300,320\",\"text_align\":\"left\",\"text_align_breakpoint\":\"s\",\"text_align_fallback\":\"center\",\"title\":\"F\\u00fcr R\\u00fcckfragen schreiben Sie uns eine Mail\",\"title_align\":\"top\",\"title_element\":\"h2\",\"title_grid_breakpoint\":\"m\",\"title_grid_width\":\"1-2\",\"title_hover_style\":\"reset\",\"title_style\":\"heading-small\"}}]}]}]}],\"version\":\"4.5.28\"} --><\/p>\n","protected":false},"excerpt":{"rendered":"<p>Willkommen auf unserer Homepage Hausverkauf im Enzkreis Gebaut 1957 und 1984 erweitert&#8230; Zahlreiche M\u00f6glichkeiten 162 qm Wohnfl\u00e4che, gro\u00dfe Nutzfl\u00e4che, Garage und Garten Weiter Zur Beschreibung Die Pl\u00e4ne bieten einen ersten Einblick Zahlreiche M\u00f6glichkeiten Weiter zu den Pl\u00e4nen R\u00e4ume zum gestalten Mehr als ein Haus Unser Haus bietet mehr als R\u00e4ume. Hier k\u00f6nnen Ideen umgesetzt werden. [&hellip;]<\/p>\n","protected":false},"author":1,"featured_media":0,"parent":0,"menu_order":2,"comment_status":"closed","ping_status":"closed","template":"","meta":{"_acf_changed":false,"footnotes":""},"class_list":["post-1","page","type-page","status-publish","hentry"],"acf":[],"_links":{"self":[{"href":"https:\/\/super-sonnig.de\/verkauf\/index.php?rest_route=\/wp\/v2\/pages\/1","targetHints":{"allow":["GET"]}}],"collection":[{"href":"https:\/\/super-sonnig.de\/verkauf\/index.php?rest_route=\/wp\/v2\/pages"}],"about":[{"href":"https:\/\/super-sonnig.de\/verkauf\/index.php?rest_route=\/wp\/v2\/types\/page"}],"author":[{"embeddable":true,"href":"https:\/\/super-sonnig.de\/verkauf\/index.php?rest_route=\/wp\/v2\/users\/1"}],"replies":[{"embeddable":true,"href":"https:\/\/super-sonnig.de\/verkauf\/index.php?rest_route=%2Fwp%2Fv2%2Fcomments&post=1"}],"version-history":[{"count":46,"href":"https:\/\/super-sonnig.de\/verkauf\/index.php?rest_route=\/wp\/v2\/pages\/1\/revisions"}],"predecessor-version":[{"id":2346,"href":"https:\/\/super-sonnig.de\/verkauf\/index.php?rest_route=\/wp\/v2\/pages\/1\/revisions\/2346"}],"wp:attachment":[{"href":"https:\/\/super-sonnig.de\/verkauf\/index.php?rest_route=%2Fwp%2Fv2%2Fmedia&parent=1"}],"curies":[{"name":"wp","href":"https:\/\/api.w.org\/{rel}","templated":true}]}}